late the greatest common factor of 66 and z.
66
Let z = 4 - 12. Let x(q) = -4*q - 14. Let c be x(z). Calculate the greatest common divisor of c and 144.
18
Let o = -1858 - -1924. Calculate the greatest common factor of 2640 and o.
66
Let q = -688 - -1031. Suppose q = -5*v + 893. Suppose -4*x + 5*x - 21 = 5*o, -4*o = -5*x + 63. What is the greatest common factor of x and v?
11
Suppose -3*n = -6*n + 2*l + 81, -70 = -2*n - 4*l. Let z be 120/28 - (-2)/(-7). Suppose -z*j + 135 + 445 = 0. What is the greatest common divisor of n and j?
29
Let q = -12 - -12. Suppose q = h - 3*m - 1, -h + 4*m = -0*m + 2. What is the highest common factor of h and 10?
10
Let d be (-2)/(-5) - 69/(-15). Suppose 0 = -3*z - 12, z = -4*u + 5*z - 40. Let h = 1 - u. What is the greatest common factor of h and d?
5
Let t(m) = 8*m**3 - m**2 - 2*m + 6. Let d be t(2). What is the greatest common divisor of d and 992?
62
Let s be 3 + (-131)/(-7) - (-12)/42. Let g = 40 - s. Calculate the highest common factor of g and 90.
18
Suppose 0 = -50*d + 52*d + 24. Let h be (-483)/(-9) + (-4)/d. Calculate the greatest common divisor of 72 and h.
18
Suppose 5 = 5*i + 75. Let y = i + 21. Suppose 4*l - u = 117, 4*u - 49 = -3*l + 15. What is the highest common divisor of y and l?
7
Let u = 140 + -123. Suppose -431 = -5*n + 3*c, 0*n + 174 = 2*n - 2*c. Suppose -2*s = -7*s + n. What is the greatest common factor of u and s?
17
Suppose 0 = -3*i, k - 17 = -5*i + 8. What is the greatest common factor of 25 and k?
25
Let p(s) = 3*s - 5 - 12 - s - 11. Let m be p(12). Let l be 11/44 - 103/m. Calculate the highest common factor of 104 and l.
26
Suppose 4*h - 299 = 845. What is the greatest common divisor of 88 and h?
22
Let p = -2720 - -4344. Calculate the greatest common divisor of p and 112.
56
Let f = 6 + -4. Suppose -6*j + 687 = -1119. Let h be 1/(-3) + j/21. What is the greatest common divisor of h and f?
2
Let y = -238 + 1006. What is the highest common divisor of y and 12?
12
Suppose 5*p + 2*s = 3 + 24, -3*s = -3. Suppose -3*k - p = 4. Let z be (-11)/k*(-4 + 7). What is the highest common factor of z and 44?
11
Let b be (6 - 232/(-28))/((-2)/(-7)). Calculate the highest common factor of b and 40.
10
Let k be (1 + (-16)/8)/(1/(-3)). Calculate the highest common divisor of k and 75.
3
Let u = -60 + 106. Suppose -u = -5*l - 2*y, 3*l + l - 4*y - 20 = 0. What is the greatest common divisor of l and 1?
1
Suppose -c - 2*z + 26 = -7*z, 4*z = -3*c + 2. Suppose -158 = -c*x + 166. What is the greatest common divisor of x and 6?
6
Let r = 28 + -63. Let n = r - -59. What is the highest common factor of n and 192?
24
Let a = 748 - 310. Suppose -a = -9*t - 42. Suppose -2*w - 44 = -6*w. Calculate the greatest common factor of t and w.
11
Suppose -2*i = h - 6*h + 190, 85 = 2*h + i. Suppose 3*n - 3 = -0*x - 2*x, 4*n - 4 = 4*x. Let m = n + 7. Calculate the highest common divisor of h and m.
8
Suppose -76*p + 73*p + 372 = 0. What is the highest common divisor of 372 and p?
124
Let x = 12 + 17. Let t = 52 - 9. Suppose -t = -6*n + x. What is the highest common divisor of 60 and n?
12
Let n be 4/(-2) + 4 - -53. Suppose 107 = 4*t - 69. Suppose q = -5*w + 5*q + 110, 0 = -2*w - 3*q + t. What is the greatest common divisor of n and w?
11
Let f = -315 + 325. Calculate the greatest common divisor of 50 and f.
10
Suppose -j = -v + 35, -j + 37 = v - 0*j. Let z = v - -49. Calculate the greatest common divisor of z and 17.
17
Suppose 1476 - 126 = 6*y. What is the greatest common factor of y and 90?
45
Let s(a) = -2*a - 9. Let d be s(-7). Suppose 2 = d*t + 22, -4*o + t + 268 = 0. What is the highest common divisor of 6 and o?
6
Let s be (21 + -22)*(-30)/1. Suppose t - 27 = -3*n, -3*n + 2*t + 56 = 2*n. Calculate the greatest common factor of s and n.
10
Let u(k) = -3*k + 3. Let y be u(-4). Let s be y - (0 - (-5 - -3)). Calculate the greatest common factor of 52 and s.
13
Suppose -9*s = -3*s - 42. Let g(n) = n**2 - 6*n - 1. Let m be g(5). Let c be (9/(-2))/(m/84). What is the greatest common divisor of c and s?
7
Let m(o) = -o**3 + 10*o**2 + o + 1. Let a be m(10). Calculate the highest common factor of 1408 and a.
11
Let n(i) = 53*i + 14. Let x be n(14). What is the greatest common divisor of x and 168?
84
Suppose 4*p - c + 108 = 0, 4*c - 113 = 5*p + 11. Let q be (27 + p)/(1/(-9) - 0). Calculate the greatest common divisor of 45 and q.
9
Let i be ((-1190)/(-51))/((-1)/(-18)). What is the greatest common divisor of 36 and i?
12
Suppose -2*f = -0*f + 3*r - 16, -5*f + 66 = r. Let t = -324 + 468. Suppose 5*l - p = -t + 634, -3*l + 5*p = -294. What is the highest common divisor of f and l?
14
Let a(h) = -6*h**3 - 2*h**2 - 1. Let b(i) = 5*i**3 + 2*i**2 + 1. Let y(z) = -6*a(z) - 7*b(z). Let v be y(3). Calculate the highest common factor of 8 and v.
8
Let u be (96/(-2))/(231/(-385)). What is the highest common divisor of u and 30?
10
Suppose -2*x = 6768 - 6822. Calculate the highest common factor of x and 2943.
27
Let b(t) = 6*t - 8*t + 4*t**2 + 8*t - 2. Let i be b(-3). Calculate the greatest common divisor of 24 and i.
8
Let o be 0 + (-132)/((-12)/3). Suppose 7*u - o = 4*u. Suppose 4*d + 5*a - 117 = 0, -2*a + 54 = 2*d + 2*a. Calculate the greatest common factor of d and u.
11
Let k be 102/(-4)*(-46)/(-69). Let o(n) = n**3 - 4*n**2. Let z be o(5). Let x = z + k. What is the highest common divisor of x and 8?
8
Suppose 11*q - 136 = -26. What is the greatest common divisor of q and 1680?
10
Suppose -w + 4*s = s - 84, 5*w + s = 420. Suppose 3*y - 5*z = 48 + 44, 0 = -4*y - 3*z + w. What is the highest common divisor of y and 12?
12
Suppose 4810 = 29*p + 12*p + 89*p. Suppose 0 = 3*g - 39 - 72. Calculate the highest common divisor of g and p.
37
Suppose 8*r - 5*r - 3*x - 189 = 0, 0 = -2*r - 3*x + 141. Calculate the greatest common divisor of 550 and r.
22
Suppose 0 = 21*j + 2*j - 736. Calculate the greatest common divisor of j and 256.
32
Let l be (120/42)/(4/70). Calculate the highest common factor of 80 and l.
10
Let f = -839 - -859. What is the greatest common factor of 850 and f?
10
Let z = 4 + 4. Suppose 4*p - 8 = z. Calculate the greatest common divisor of 16 and p.
4
Suppose -f - 180 = 2*f + 3*g, 5*f - g + 300 = 0. Let t = 24 + f. Let j be 15*(t/(-15))/3. Calculate the greatest common divisor of 48 and j.
12
Suppose 79*q - 80*q = 3*y - 24, q = 5*y - 40. What is the highest common factor of 256 and y?
8
Let c = -1237 + 1243. Suppose -r + 3*f = r - 30, -2*f = -r + 16. Calculate the greatest common divisor of c and r.
6
Let k = 7 + 17. Let s be 0 + 32/6 - (-28)/42. Calculate the highest common divisor of s and k.
6
Suppose 7*o - 5*j = 10*o - 30, 5*o - 69 = -2*j. Let q be o/9 - (-8)/60*-5. Suppose 0 = 3*t - 9. Calculate the highest common factor of q and t.
1
Let s = 61 - 48. Suppose 114 - 36 = s*u. What is the highest common factor of u and 15?
3
Suppose f = 1, f + 4*f = x. Calculate the greatest common divisor of 155 and x.
5
Let m = 696 + -651. Calculate the highest common factor of m and 5.
5
Let s be 32/128 + 2*(-7)/(-8). Suppose 2*u = 4*u - s. Suppose -j - 5*d = 16, -2*d = 5*j + 3*d. Calculate the highest common factor of u and j.
1
Suppose -4*w + 910 = 2*r, -3*w + 8*w - 4*r - 1105 = 0. What is the highest common factor of w and 90?
45
Let m = 112 + -288. Let v be (-1)/7 + m/(-56). Calculate the highest common factor of v and 3.
3
Suppose -65 = 5*f - 445. Suppose -2*y + 0*y = -3*h - 44, f = 2*y + 5*h. Calculate the highest common divisor of y and 70.
14
Let b be 19/4 - 6/(-24). Suppose -3*k - h = -b*h - 152, -5*k + h = -259. Let w be (-26)/8*(-5 - -1). What is the greatest common factor of k and w?
13
Let y be (2 + (-40)/35)/((-3)/(-21)). Calculate the greatest common factor of 16 and y.
2
Suppose -293 = 10*u - 1413. Calculate the highest common divisor of 140 and u.
28
Let v be ((-3)/1)/(-4 - -3). Suppose 3*x = -5*h + h + 206, -v*x = -3*h - 213. Let c = 156 - 146. What is the greatest common factor of x and c?
10
Let i(b) = 2*b**2 + 20*b - 6. Let v be i(-15). Let y be (v/(24/(-6)))/(0 + -1). Calculate the highest common divisor of y and 90.
18
Let h(n) = -9*n + 368. Let j be h(40). What is the highest common factor of 12 and j?
4
Let f = -29 - -33. Let i be f + 29 + 1 + -1. What is the greatest common divisor of i and 165?
33
Suppos